 is the millions digit of 7137755?
7
What is the hundreds digit of 2355098?
0
What is the millions digit of 4280008?
4
What is the tens digit of 280899?
9
What is the ten thousands digit of 2014518?
1
What is the tens digit of 7755288?
8
What is the units digit of 658076?
6
What is the tens digit of 601306?
0
What is the thousands digit of 556538?
6
What is the ten thousands digit of 400088?
0
What is the units digit of 9625?
5
What is the hundreds digit of 5118063?
0
What is the units digit of 2759?
9
What is the units digit of 837461?
1
What is the ten thousands digit of 222629?
2
What is the hundred thousands digit of 138780?
1
What is the millions digit of 11154303?
1
What is the hundreds digit of 944188?
1
What is the hundred thousands digit of 124201?
1
What is the hundred thousands digit of 217225?
2
What is the hundred thousands digit of 130718?
1
What is the units digit of 148019?
9
What is the ten thousands digit of 12327267?
2
What is the tens digit of 3340246?
4
What is the tens digit of 13506843?
4
What is the tens digit of 216763?
6
What is the ten thousands digit of 3303150?
0
What is the hundreds digit of 4264952?
9
What is the hundred thousands digit of 1517395?
5
What is the units digit of 555038?
8
What is the hundreds digit of 47788?
7
What is the units digit of 3107472?
2
What is the millions digit of 16804426?
6
What is the ten thousands digit of 1413313?
1
What is the ten thousands digit of 2380882?
8
What is the tens digit of 1315123?
2
What is the ten thousands digit of 160179?
6
What is the tens digit of 231485?
8
What is the ten millions digit of 24494135?
2
What is the hundred thousands digit of 443064?
4
What is the units digit of 953073?
3
What is the ten thousands digit of 39285?
3
What is the tens digit of 966324?
2
What is the tens digit of 777561?
6
What is the thousands digit of 200037?
0
What is the ten thousands digit of 22608?
2
What is the units digit of 3751936?
6
What is the thousands digit of 1829721?
9
What is the hundreds digit of 111734?
7
What is the tens digit of 2407685?
8
What is the ten thousands digit of 678436?
7
What is the units digit of 109047?
7
What is the units digit of 60675?
5
What is the ten thousands digit of 2833878?
3
What is the hundred thousands digit of 453457?
4
What is the thousands digit of 1279392?
9
What is the millions digit of 2280996?
2
What is the thousands digit of 650782?
0
What is the hundreds digit of 262962?
9
What is the hundred thousands digit of 3578802?
5
What is the units digit of 22137578?
8
What is the ten thousands digit of 220231?
2
What is the hundred thousands digit of 8345037?
3
What is the hundred thousands digit of 6778808?
7
What is the hundred thousands digit of 12301093?
3
What is the hundreds digit of 1353825?
8
What is the ten thousands digit of 992076?
9
What is the tens digit of 902390?
9
What is the ten millions digit of 27428274?
2
What is the thousands digit of 3445167?
5
What is the millions digit of 5030986?
5
What is the tens digit of 226210?
1
What is the units digit of 189451?
1
What is the hundred thousands digit of 15884261?
8
What is the tens digit of 154398?
9
What is the ten thousands digit of 2184587?
8
What is the ten thousands digit of 23360520?
6
What is the tens digit of 94861?
6
What is the hundreds digit of 686135?
1
What is the hundreds digit of 76302?
3
What is the hundreds digit of 121119?
1
What is the thousands digit of 150092?
0
What is the units digit of 15187292?
2
What is the ten thousands digit of 1372255?
7
What is the thousands digit of 18432942?
2
What is the ten thousands digit of 1184545?
8
What is the units digit of 342601?
1
What is the hundred thousands digit of 331608?
3
What is the hundreds digit of 371439?
4
What is the thousands digit of 2627178?
7
What is the ten thousands digit of 721221?
2
What is the tens digit of 17073817?
1
What is the units digit of 279237?
7
What is the tens digit of 9702427?
2
What is the ten thousands digit of 2318908?
1
What is the ten thousands digit of 1386452?
8
What is the millions digit of 9242412?
9
What is the hundreds digit of 556663?
6
What is the hundreds digit of 123620?
6
What is the units digit of 298044?
4
What is the millions digit of 4033651?
4
What is the hundreds digit of 6736972?
9
What is the hundred thousands digit of 1321804?
3
What is the units digit of 30088?
8
What is the hundred thousands digit of 1165209?
1
What is the ten thousands digit of 1473054?
7
What is the thousands digit of 3939973?
9
What is the millions digit of 3300418?
3
What is the hundreds digit of 747258?
2
What is the thousands digit of 310004?
0
What is the hundred thousands digit of 178971?
1
What is the thousands digit of 389154?
9
What is the hundred thousands digit of 242445?
2
What is the ten millions digit of 28490516?
2
What is the units digit of 14743120?
0
What is the hundred thousands digit of 161091?
1
What is the tens digit of 3706690?
9
What is the hundred thousands digit of 10765045?
7
What is the hundreds digit of 16832808?
8
What is the ten thousands digit of 107599?
0
What is the units digit of 7947398?
8
What is the hundred thousands digit of 111449?
1
What is the hundreds digit of 1283026?
0
What is the hundreds digit of 378484?
4
What is the tens digit of 1336206?
0
What is the millions digit of 5301634?
5
What is the units digit of 100454?
4
What is the units digit of 1437684?
4
What is the hundred thousands digit of 22367336?
3
What is the ten thousands digit of 235988?
3
What is the ten thousands digit of 631395?
3
What is the hundred thousands digit of 834254?
8
What is the units digit of 3646109?
9
What is the thousands digit of 128185?
8
What is the hundred thousands digit of 377823?
3
What is the thousands digit of 217128?
7
What is the tens digit of 1263209?
0
What is the tens digit of 3679500?
0
What is the hundred thousands digit of 6999375?
9
What is the ten thousands digit of 18034894?
3
What is the millions digit of 6795207?
6
What is the hundred thousands digit of 1009957?
0
What is the hundreds digit of 9975?
9
What is the units digit of 1342096?
6
What is the tens digit of 530557?
5
What is the hundred thousands digit of 102599?
1
What is the ten thousands digit of 6128410?
2
What is the tens digit of 26181?
8
What is the tens digit of 1358092?
9
What is the tens digit of 316083?
8
What is the tens digit of 102592?
9
What is the millions digit of 1990863?
1
What is the ten thousands digit of 121209?
2
What is the millions digit of 6134952?
6
What is the millions digit of 2407016?
2
What is the millions digit of 1439599?
1
What is the ten thousands digit of 673335?
7
What is the hundreds digit of 1686282?
2
What is the hundreds digit of 232080?
0
What is the thousands digit of 1955545?
5
What is the millions digit of 6038911?
6
What is the millions digit of 6624822?
6
What is the millions digit of 15231168?
5
What is the ten thousands digit of 7973318?
7
What is the thousands digit of 148213?
8
What is the millions digit of 9984029?
9
What is the thousands digit of 237149?
7
What is the hundreds digit of 3754837?
8
What is the units digit of 152507?
7
What is the hundreds digit of 56117?
1
What is the tens digit of 697446?
4
What is the thousands digit of 1365497?
5
What is the hundred thousands digit of 143017?
1
What is the hundred thousands digit of 536847?
5
What is the units digit of 628560?
0
What is the hundreds digit of 686185?
1
What is the tens digit of 1001549?
4
What is the thousands digit of 241197?
1
What is the units digit of 4995860?
0
What is the hundreds digit of 3940381?
3
What is the tens digit of 65238?
3
What is the hundreds digit of 5658213?
2
What is the tens digit of 77557?
5
What is the millions digit of 24840584?
4
What is the thousands digit of 121876?
1
What is the thousands digit of 142681?
2
What is the units digit of 518819?
9
What is the hundred thousands digit of 12387884?
3
What is the units digit of 951545?
5
What is the hundred thousands digit of 3803836?
8
What is the millions digit of 1085295?
1
What is the units digit of 414176?
6
What is the units digit of 163273?
3
What is the ten thousands digit of 493103?
9
What is the thousands digit of 15516?
5
What is the thousands digit of 515531?
5
What is the